 prime factors of 14247.
3, 1583
What are the prime factors of 505?
5, 101
List the prime factors of 102683.
7, 14669
List the prime factors of 4625.
5, 37
What are the prime factors of 8223?
3, 2741
List the prime factors of 93829.
101, 929
What are the prime factors of 17312?
2, 541
List the prime factors of 1038.
2, 3, 173
List the prime factors of 2486.
2, 11, 113
What are the prime factors of 128932?
2, 32233
List the prime factors of 229.
229
What are the prime factors of 31859?
31859
List the prime factors of 34070.
2, 5, 3407
What are the prime factors of 2525?
5, 101
What are the prime factors of 39117?
3, 13, 17, 59
What are the prime factors of 25570?
2, 5, 2557
List the prime factors of 16451.
16451
List the prime factors of 2412.
2, 3, 67
List the prime factors of 1100.
2, 5, 11
What are the prime factors of 4829?
11, 439
What are the prime factors of 110159?
7, 15737
List the prime factors of 1377.
3, 17
What are the prime factors of 46572?
2, 3, 3881
List the prime factors of 19585.
5, 3917
What are the prime factors of 62?
2, 31
List the prime factors of 22643.
22643
What are the prime factors of 12912?
2, 3, 269
What are the prime factors of 102?
2, 3, 17
List the prime factors of 9911.
11, 17, 53
What are the prime factors of 120632?
2, 17, 887
What are the prime factors of 1781?
13, 137
List the prime factors of 530.
2, 5, 53
List the prime factors of 10572.
2, 3, 881
List the prime factors of 1689.
3, 563
What are the prime factors of 50837?
29, 1753
List the prime factors of 934.
2, 467
List the prime factors of 21899.
61, 359
What are the prime factors of 24549?
3, 7, 167
List the prime factors of 1264.
2, 79
List the prime factors of 14324.
2, 3581
List the prime factors of 10106.
2, 31, 163
What are the prime factors of 9793?
7, 1399
List the prime factors of 10838.
2, 5419
List the prime factors of 4221.
3, 7, 67
What are the prime factors of 450?
2, 3, 5
What are the prime factors of 1409?
1409
List the prime factors of 4057.
4057
List the prime factors of 286.
2, 11, 13
List the prime factors of 749.
7, 107
List the prime factors of 81312.
2, 3, 7, 11
List the prime factors of 16214.
2, 11, 67
What are the prime factors of 3243?
3, 23, 47
List the prime factors of 78526.
2, 7, 71, 79
List the prime factors of 15970.
2, 5, 1597
What are the prime factors of 538?
2, 269
List the prime factors of 1677.
3, 13, 43
List the prime factors of 7097.
47, 151
List the prime factors of 8210.
2, 5, 821
List the prime factors of 3033.
3, 337
What are the prime factors of 23184?
2, 3, 7, 23
What are the prime factors of 1468?
2, 367
List the prime factors of 6153.
3, 7, 293
What are the prime factors of 39064?
2, 19, 257
What are the prime factors of 1657?
1657
What are the prime factors of 32254?
2, 16127
What are the prime factors of 6848?
2, 107
List the prime factors of 74381.
74381
List the prime factors of 34111.
7, 11, 443
List the prime factors of 11515.
5, 7, 47
List the prime factors of 563.
563
List the prime factors of 795.
3, 5, 53
List the prime factors of 18022.
2, 9011
List the prime factors of 4923.
3, 547
List the prime factors of 32106.
2, 3, 5351
What are the prime factors of 18396?
2, 3, 7, 73
What are the prime factors of 17288?
2, 2161
List the prime factors of 3162.
2, 3, 17, 31
List the prime factors of 110639.
31, 43, 83
What are the prime factors of 103426?
2, 51713
What are the prime factors of 306?
2, 3, 17
List the prime factors of 119792.
2, 7487
What are the prime factors of 801?
3, 89
What are the prime factors of 1323?
3, 7
What are the prime factors of 1505?
5, 7, 43
What are the prime factors of 9273?
3, 11, 281
List the prime factors of 395.
5, 79
List the prime factors of 29669.
29669
List the prime factors of 10365.
3, 5, 691
What are the prime factors of 2047?
23, 89
List the prime factors of 982.
2, 491
What are the prime factors of 436?
2, 109
List the prime factors of 174.
2, 3, 29
What are the prime factors of 4675?
5, 11, 17
List the prime factors of 8604.
2, 3, 239
What are the prime factors of 3772?
2, 23, 41
List the prime factors of 32356.
2, 8089
List the prime factors of 58659.
3, 19553
What are the prime factors of 1935?
3, 5, 43
What are the prime factors of 103229?
7, 14747
What are the prime factors of 42830?
2, 5, 4283
What are the prime factors of 825?
3, 5, 11
List the prime factors of 437.
19, 23
What are the prime factors of 4261?
4261
What are the prime factors of 42304?
2, 661
What are the prime factors of 4371?
3, 31, 47
What are the prime factors of 1083?
3, 19
What are the prime factors of 1567?
1567
What are the prime factors of 5669?
5669
What are the prime factors of 727?
727
What are the prime factors of 1844?
2, 461
What are the prime factors of 4964?
2, 17, 73
List the prime factors of 1206.
2, 3, 67
What are the prime factors of 3162?
2, 3, 17, 31
What are the prime factors of 2?
2
List the prime factors of 31847.
31847
What are the prime factors of 2524?
2, 631
What are the prime factors of 11560?
2, 5, 17
What are the prime factors of 60254?
2, 47, 641
What are the prime factors of 136305?
3, 5, 13, 233
List the prime factors of 12429.
3, 1381
What are the prime factors of 891?
3, 11
What are the prime factors of 33371?
13, 17, 151
List the prime factors of 43757.
7, 19, 47
What are the prime factors of 1189?
29, 41
List the prime factors of 1614.
2, 3, 269
What are the prime factors of 74596?
2, 17, 1097
What are the prime factors of 1050?
2, 3, 5, 7
What are the prime factors of 66486?
2, 3, 7, 1583
List the prime factors of 9301.
71, 131
What are the prime factors of 1138?
2, 569
List the prime factors of 101195.
5, 37, 547
List the prime factors of 54565.
5, 7, 1559
List the prime factors of 6058.
2, 13, 233
List the prime factors of 66643.
66643
List the prime factors of 30842.
2, 7, 2203
List the prime factors of 9185.
5, 11, 167
What are the prime factors of 7653?
3, 2551
List the prime factors of 139.
139
List the prime factors of 48170.
2, 5, 4817
What are the prime factors of 3953?
59, 67
What are the prime factors of 25990?
2, 5, 23, 113
What are the prime factors of 35127?
3, 1301
List the prime factors of 49994.
2, 7, 3571
List the prime factors of 1369.
37
What are the prime factors of 867?
3, 17
List the prime factors of 1103.
1103
List the prime factors of 70028.
2, 7, 41, 61
List the prime factors of 4071.
3, 23, 59
What are the prime factors of 571?
571
List the prime factors of 21794.
2, 17, 641
List the prime factors of 7500.
2, 3, 5
List the prime factors of 8136.
2, 3, 113
List the prime factors of 920.
2, 5, 23
What are the prime factors of 2847?
3, 13, 73
What are the prime factors of 2859?
3, 953
List the prime factors of 17.
17
List the prime factors of 8419.
8419
List the prime factors of 1839.
3, 613
What are the prime factors of 389?
389
List the prime factors of 321.
3, 107
What are the prime factors of 6978?
2, 3, 1163
What are the prime factors of 28144?
2, 1759
List the prime factors of 316.
2, 79
What are the prime factors of 30733?
73, 421
What are the prime factors of 4640?
2, 5, 29
What are the prime factors of 4494?
2, 3, 7, 107
What are the prime factors of 7593?
3, 2531
List the prime factors of 3421.
11, 311
List the prime factors of 10340.
2, 5, 11, 47
List the prime factors of 5342.
2, 2671
List the prime factors of 7730.
2, 5, 773
What are the prime factors of 5975?
5, 239
List the prime factors of 2044.
2, 7, 73
What are the prime factors of 1724?
2, 431
List the prime factors of 21347.
21347
What are the prime factors of 1744?
2, 109
What are the prime factors of 46472?
2, 37, 157
List the prime factors of 4622.
2, 2311
List the prime factors of 3774.
2, 3, 17, 37
List the prime factors of 90481.
90481
What are the prime factors of 1794?
2, 3, 13, 23
What are the prime factors of 1622?
2, 811
List the prime factors of 10501.
10501
List the prime factors of 4919.
4919
What are the prime factors of 3578?
2, 1789
List the prime factors of 6488.
2, 811
What are the prime factors of 983?
983
List the prime factors of 55459.
31, 1789
List the prime factors of 4340.
2, 5, 7, 31
List the prime factors of 2457.
3, 7, 13
List the prime factors of 26587.
11, 2417
What are the prime factors of 1958?
2, 11, 89
What are th